{"id":59,"date":"2024-07-07T10:43:18","date_gmt":"2024-07-07T08:43:18","guid":{"rendered":"https:\/\/edouardcarrion.fr\/?page_id=59"},"modified":"2024-07-09T15:58:24","modified_gmt":"2024-07-09T13:58:24","slug":"mentions-legales","status":"publish","type":"page","link":"https:\/\/edouardcarrion.fr\/index.php\/mentions-legales\/","title":{"rendered":"Mentions l\u00e9gales"},"content":{"rendered":"\n<div class=\"wp-block-group alignfull has-accent-background-color has-background is-vertical is-content-justification-center is-nowrap is-layout-flex wp-container-core-group-is-layout-2215816d wp-block-group-is-layout-flex\" style=\"min-height:100vh;margin-top:0;margin-bottom:0;padding-top:var(--wp--preset--spacing--50);padding-right:var(--wp--preset--spacing--50);padding-bottom:var(--wp--preset--spacing--50);padding-left:var(--wp--preset--spacing--50)\">\n<p class=\"has-text-align-center\"><strong>1. Informations l\u00e9gales<\/strong><\/p>\n\n\n\n<p class=\"has-text-align-center\">\u00c9diteur du site :<\/p>\n\n\n\n<p class=\"has-text-align-center\">Nom de l&rsquo;entreprise : Edouard Carrion<br>Forme juridique : Entreprise individuelle<br>Adresse : 13 Rue Pierre Gourdel 35000 Rennes<br>Num\u00e9ro de t\u00e9l\u00e9phone : <a href=\"tel:0660030502\" data-type=\"tel\" data-id=\"tel:0660030502\">06 60 03 05 02<\/a><br>Adresse e-mail : <a href=\"mailto:edouard.carrion@yahoo.fr\">edouard.carrion@yahoo.fr<\/a><br>Num\u00e9ro de TVA intracommunautaire : FR32340729417<\/p>\n\n\n\n<p class=\"has-text-align-center\">Directeur de la publication : Edouard Carrion<br>Responsable de la r\u00e9daction : Edouard Carrion<\/p>\n\n\n\n<p class=\"has-text-align-center\"><strong>2. H\u00e9bergement<\/strong><\/p>\n\n\n\n<p class=\"has-text-align-center\">Nom de l&rsquo;h\u00e9bergeur : OVH<br>Adresse de l&rsquo;h\u00e9bergeur : 2, rue Kellermann, 59100 Roubaix<br>Num\u00e9ro de t\u00e9l\u00e9phone de l&rsquo;h\u00e9bergeur : 1007<\/p>\n\n\n\n<p class=\"has-text-align-center\"><strong>3. Propri\u00e9t\u00e9 intellectuelle<\/strong><\/p>\n\n\n\n<p class=\"has-text-align-center\">L\u2019ensemble de ce site rel\u00e8ve de la l\u00e9gislation fran\u00e7aise sur le droit d\u2019auteur et la propri\u00e9t\u00e9 intellectuelle. Tous les droits de reproduction sont r\u00e9serv\u00e9s, y compris les documents t\u00e9l\u00e9chargeables et les repr\u00e9sentations iconographiques et photographiques. La reproduction de tout ou partie de ce site sur un support \u00e9lectronique ou autre est formellement interdite sauf autorisation expresse du directeur de la publication.<\/p>\n\n\n\n<p class=\"has-text-align-center\"><strong>4. Donn\u00e9es personnelles<\/strong><\/p>\n\n\n\n<p class=\"has-text-align-center\">Ce site ne recueille pas d&rsquo;informations. <\/p>\n\n\n\n<p class=\"has-text-align-center\"><strong>5. Cookies<\/strong><\/p>\n\n\n\n<p class=\"has-text-align-center\">Ce site n&rsquo;utilise pas de cookies.<\/p>\n\n\n\n<p class=\"has-text-align-center\"><strong>6. Liens hypertextes<\/strong><\/p>\n\n\n\n<p class=\"has-text-align-center\">Ce site peut contenir des liens hypertextes vers d\u2019autres sites pr\u00e9sents sur le r\u00e9seau Internet. Les liens vers ces autres ressources vous font quitter ce site. Il est possible de cr\u00e9er un lien vers la page de pr\u00e9sentation de ce site sans autorisation expresse d&rsquo;Edouard Carrion. Aucune autorisation ou demande d\u2019information pr\u00e9alable ne peut \u00eatre exig\u00e9e par l\u2019\u00e9diteur \u00e0 l\u2019\u00e9gard d\u2019un site qui souhaite \u00e9tablir un lien vers le site de l\u2019\u00e9diteur. Toutefois, il convient d\u2019afficher ce site dans une nouvelle fen\u00eatre du navigateur. Cependant, Edouard Carrion se r\u00e9serve le droit de demander la suppression d\u2019un lien qu\u2019il estime non conforme \u00e0 l\u2019objet de ce site.<\/p>\n\n\n\n<p class=\"has-text-align-center\"><strong>7. Responsabilit\u00e9<\/strong><\/p>\n\n\n\n<p class=\"has-text-align-center\">Les informations propos\u00e9es sur ce site le sont \u00e0 titre informatif. Edouard Carrion ne saurait garantir l\u2019exactitude, la compl\u00e9tude, l\u2019actualit\u00e9 des informations diffus\u00e9es sur le site. Vous \u00eates le seul responsable de l\u2019utilisation que vous faites de ces informations. Edouard Carrion d\u00e9cline toute responsabilit\u00e9 pour tout dommage r\u00e9sultant d\u2019une intrusion frauduleuse d\u2019un tiers ayant entra\u00een\u00e9 une modification des informations mises \u00e0 disposition sur le site.<\/p>\n\n\n\n<p class=\"has-text-align-center\"><strong>8. Droit applicable et attribution de juridiction<\/strong><\/p>\n\n\n\n<p class=\"has-text-align-center\">Tout litige en relation avec l\u2019utilisation du site d&rsquo;Edouard Carrion est soumis au droit fran\u00e7ais. Il est fait attribution exclusive de juridiction aux tribunaux comp\u00e9tents de Rennes.<\/p>\n<\/div>\n","protected":false},"excerpt":{"rendered":"<p>1. Informations l\u00e9gales \u00c9diteur du site : Nom de l&rsquo;entreprise : Edouard CarrionForme juridique : Entreprise individuelleAdresse : 13 Rue Pierre Gourdel 35000 RennesNum\u00e9ro de t\u00e9l\u00e9phone : 06 60 03 05 02Adresse e-mail : edouard.carrion@yahoo.frNum\u00e9ro de TVA intracommunautaire : FR32340729417 Directeur de la publication : Edouard CarrionResponsable de la r\u00e9daction : Edouard Carrion 2. H\u00e9bergement [&hellip;]<\/p>\n","protected":false},"author":1,"featured_media":0,"parent":0,"menu_order":0,"comment_status":"closed","ping_status":"closed","template":"","meta":{"footnotes":""},"class_list":["post-59","page","type-page","status-publish","hentry"],"yoast_head":"<!-- This site is optimized with the Yoast SEO plugin v26.7 - https:\/\/yoast.com\/wordpress\/plugins\/seo\/ -->\n<title>Mentions l\u00e9gales - Edouard Carrion<\/title>\n<meta name=\"robots\" content=\"index, follow, max-snippet:-1, max-image-preview:large, max-video-preview:-1\" \/>\n<link rel=\"canonical\" href=\"https:\/\/edouardcarrion.fr\/index.php\/mentions-legales\/\" \/>\n<meta property=\"og:locale\" content=\"fr_FR\" \/>\n<meta property=\"og:type\" content=\"article\" \/>\n<meta property=\"og:title\" content=\"Mentions l\u00e9gales - Edouard Carrion\" \/>\n<meta property=\"og:description\" content=\"1. Informations l\u00e9gales \u00c9diteur du site : Nom de l&rsquo;entreprise : Edouard CarrionForme juridique : Entreprise individuelleAdresse : 13 Rue Pierre Gourdel 35000 RennesNum\u00e9ro de t\u00e9l\u00e9phone : 06 60 03 05 02Adresse e-mail : edouard.carrion@yahoo.frNum\u00e9ro de TVA intracommunautaire : FR32340729417 Directeur de la publication : Edouard CarrionResponsable de la r\u00e9daction : Edouard Carrion 2. H\u00e9bergement [&hellip;]\" \/>\n<meta property=\"og:url\" content=\"https:\/\/edouardcarrion.fr\/index.php\/mentions-legales\/\" \/>\n<meta property=\"og:site_name\" content=\"Edouard Carrion\" \/>\n<meta property=\"article:modified_time\" content=\"2024-07-09T13:58:24+00:00\" \/>\n<meta name=\"twitter:card\" content=\"summary_large_image\" \/>\n<meta name=\"twitter:label1\" content=\"Dur\u00e9e de lecture estim\u00e9e\" \/>\n\t<meta name=\"twitter:data1\" content=\"2 minutes\" \/>\n<script type=\"application\/ld+json\" class=\"yoast-schema-graph\">{\"@context\":\"https:\/\/schema.org\",\"@graph\":[{\"@type\":\"WebPage\",\"@id\":\"https:\/\/edouardcarrion.fr\/index.php\/mentions-legales\/\",\"url\":\"https:\/\/edouardcarrion.fr\/index.php\/mentions-legales\/\",\"name\":\"Mentions l\u00e9gales - Edouard Carrion\",\"isPartOf\":{\"@id\":\"https:\/\/edouardcarrion.fr\/#website\"},\"datePublished\":\"2024-07-07T08:43:18+00:00\",\"dateModified\":\"2024-07-09T13:58:24+00:00\",\"breadcrumb\":{\"@id\":\"https:\/\/edouardcarrion.fr\/index.php\/mentions-legales\/#breadcrumb\"},\"inLanguage\":\"fr-FR\",\"potentialAction\":[{\"@type\":\"ReadAction\",\"target\":[\"https:\/\/edouardcarrion.fr\/index.php\/mentions-legales\/\"]}]},{\"@type\":\"BreadcrumbList\",\"@id\":\"https:\/\/edouardcarrion.fr\/index.php\/mentions-legales\/#breadcrumb\",\"itemListElement\":[{\"@type\":\"ListItem\",\"position\":1,\"name\":\"Accueil\",\"item\":\"https:\/\/edouardcarrion.fr\/\"},{\"@type\":\"ListItem\",\"position\":2,\"name\":\"Mentions l\u00e9gales\"}]},{\"@type\":\"WebSite\",\"@id\":\"https:\/\/edouardcarrion.fr\/#website\",\"url\":\"https:\/\/edouardcarrion.fr\/\",\"name\":\"Edouard Carrion\",\"description\":\"Sc\u00e9nariste R\u00e9alisateur\",\"publisher\":{\"@id\":\"https:\/\/edouardcarrion.fr\/#\/schema\/person\/04ed4b72fc84379a4e86ff6f564c0ead\"},\"potentialAction\":[{\"@type\":\"SearchAction\",\"target\":{\"@type\":\"EntryPoint\",\"urlTemplate\":\"https:\/\/edouardcarrion.fr\/?s={search_term_string}\"},\"query-input\":{\"@type\":\"PropertyValueSpecification\",\"valueRequired\":true,\"valueName\":\"search_term_string\"}}],\"inLanguage\":\"fr-FR\"},{\"@type\":[\"Person\",\"Organization\"],\"@id\":\"https:\/\/edouardcarrion.fr\/#\/schema\/person\/04ed4b72fc84379a4e86ff6f564c0ead\",\"name\":\"admin7507\",\"image\":{\"@type\":\"ImageObject\",\"inLanguage\":\"fr-FR\",\"@id\":\"https:\/\/edouardcarrion.fr\/#\/schema\/person\/image\/\",\"url\":\"https:\/\/edouardcarrion.fr\/wp-content\/uploads\/2024\/07\/Photo-Edouard-edited.jpg\",\"contentUrl\":\"https:\/\/edouardcarrion.fr\/wp-content\/uploads\/2024\/07\/Photo-Edouard-edited.jpg\",\"width\":1549,\"height\":1549,\"caption\":\"admin7507\"},\"logo\":{\"@id\":\"https:\/\/edouardcarrion.fr\/#\/schema\/person\/image\/\"},\"sameAs\":[\"http:\/\/edouardcarrion.fr\"]}]}<\/script>\n<!-- \/ Yoast SEO plugin. -->","yoast_head_json":{"title":"Mentions l\u00e9gales - Edouard Carrion","robots":{"index":"index","follow":"follow","max-snippet":"max-snippet:-1","max-image-preview":"max-image-preview:large","max-video-preview":"max-video-preview:-1"},"canonical":"https:\/\/edouardcarrion.fr\/index.php\/mentions-legales\/","og_locale":"fr_FR","og_type":"article","og_title":"Mentions l\u00e9gales - Edouard Carrion","og_description":"1. Informations l\u00e9gales \u00c9diteur du site : Nom de l&rsquo;entreprise : Edouard CarrionForme juridique : Entreprise individuelleAdresse : 13 Rue Pierre Gourdel 35000 RennesNum\u00e9ro de t\u00e9l\u00e9phone : 06 60 03 05 02Adresse e-mail : edouard.carrion@yahoo.frNum\u00e9ro de TVA intracommunautaire : FR32340729417 Directeur de la publication : Edouard CarrionResponsable de la r\u00e9daction : Edouard Carrion 2. H\u00e9bergement [&hellip;]","og_url":"https:\/\/edouardcarrion.fr\/index.php\/mentions-legales\/","og_site_name":"Edouard Carrion","article_modified_time":"2024-07-09T13:58:24+00:00","twitter_card":"summary_large_image","twitter_misc":{"Dur\u00e9e de lecture estim\u00e9e":"2 minutes"},"schema":{"@context":"https:\/\/schema.org","@graph":[{"@type":"WebPage","@id":"https:\/\/edouardcarrion.fr\/index.php\/mentions-legales\/","url":"https:\/\/edouardcarrion.fr\/index.php\/mentions-legales\/","name":"Mentions l\u00e9gales - Edouard Carrion","isPartOf":{"@id":"https:\/\/edouardcarrion.fr\/#website"},"datePublished":"2024-07-07T08:43:18+00:00","dateModified":"2024-07-09T13:58:24+00:00","breadcrumb":{"@id":"https:\/\/edouardcarrion.fr\/index.php\/mentions-legales\/#breadcrumb"},"inLanguage":"fr-FR","potentialAction":[{"@type":"ReadAction","target":["https:\/\/edouardcarrion.fr\/index.php\/mentions-legales\/"]}]},{"@type":"BreadcrumbList","@id":"https:\/\/edouardcarrion.fr\/index.php\/mentions-legales\/#breadcrumb","itemListElement":[{"@type":"ListItem","position":1,"name":"Accueil","item":"https:\/\/edouardcarrion.fr\/"},{"@type":"ListItem","position":2,"name":"Mentions l\u00e9gales"}]},{"@type":"WebSite","@id":"https:\/\/edouardcarrion.fr\/#website","url":"https:\/\/edouardcarrion.fr\/","name":"Edouard Carrion","description":"Sc\u00e9nariste R\u00e9alisateur","publisher":{"@id":"https:\/\/edouardcarrion.fr\/#\/schema\/person\/04ed4b72fc84379a4e86ff6f564c0ead"},"potentialAction":[{"@type":"SearchAction","target":{"@type":"EntryPoint","urlTemplate":"https:\/\/edouardcarrion.fr\/?s={search_term_string}"},"query-input":{"@type":"PropertyValueSpecification","valueRequired":true,"valueName":"search_term_string"}}],"inLanguage":"fr-FR"},{"@type":["Person","Organization"],"@id":"https:\/\/edouardcarrion.fr\/#\/schema\/person\/04ed4b72fc84379a4e86ff6f564c0ead","name":"admin7507","image":{"@type":"ImageObject","inLanguage":"fr-FR","@id":"https:\/\/edouardcarrion.fr\/#\/schema\/person\/image\/","url":"https:\/\/edouardcarrion.fr\/wp-content\/uploads\/2024\/07\/Photo-Edouard-edited.jpg","contentUrl":"https:\/\/edouardcarrion.fr\/wp-content\/uploads\/2024\/07\/Photo-Edouard-edited.jpg","width":1549,"height":1549,"caption":"admin7507"},"logo":{"@id":"https:\/\/edouardcarrion.fr\/#\/schema\/person\/image\/"},"sameAs":["http:\/\/edouardcarrion.fr"]}]}},"_links":{"self":[{"href":"https:\/\/edouardcarrion.fr\/index.php\/wp-json\/wp\/v2\/pages\/59","targetHints":{"allow":["GET"]}}],"collection":[{"href":"https:\/\/edouardcarrion.fr\/index.php\/wp-json\/wp\/v2\/pages"}],"about":[{"href":"https:\/\/edouardcarrion.fr\/index.php\/wp-json\/wp\/v2\/types\/page"}],"author":[{"embeddable":true,"href":"https:\/\/edouardcarrion.fr\/index.php\/wp-json\/wp\/v2\/users\/1"}],"replies":[{"embeddable":true,"href":"https:\/\/edouardcarrion.fr\/index.php\/wp-json\/wp\/v2\/comments?post=59"}],"version-history":[{"count":2,"href":"https:\/\/edouardcarrion.fr\/index.php\/wp-json\/wp\/v2\/pages\/59\/revisions"}],"predecessor-version":[{"id":135,"href":"https:\/\/edouardcarrion.fr\/index.php\/wp-json\/wp\/v2\/pages\/59\/revisions\/135"}],"wp:attachment":[{"href":"https:\/\/edouardcarrion.fr\/index.php\/wp-json\/wp\/v2\/media?parent=59"}],"curies":[{"name":"wp","href":"https:\/\/api.w.org\/{rel}","templated":true}]}}