{"id":46,"date":"2024-07-07T09:57:18","date_gmt":"2024-07-07T07:57:18","guid":{"rendered":"https:\/\/edouardcarrion.fr\/?page_id=46"},"modified":"2024-11-13T13:09:17","modified_gmt":"2024-11-13T12:09:17","slug":"un-jour-tu-vieilliras","status":"publish","type":"page","link":"https:\/\/edouardcarrion.fr\/index.php\/un-jour-tu-vieilliras\/","title":{"rendered":"Un jour, tu vieilliras&#8230;"},"content":{"rendered":"\n<div class=\"wp-block-group alignfull has-accent-2-background-color has-background has-global-padding is-layout-constrained wp-container-core-group-is-layout-669513ed wp-block-group-is-layout-constrained\" style=\"margin-top:0;margin-bottom:0;padding-top:var(--wp--preset--spacing--50);padding-right:var(--wp--preset--spacing--50);padding-bottom:var(--wp--preset--spacing--50);padding-left:var(--wp--preset--spacing--50)\">\n<div class=\"wp-block-media-text alignwide has-media-on-the-right is-stacked-on-mobile\"><div class=\"wp-block-media-text__content\">\n<p class=\"has-heading-font-family\" style=\"font-size:clamp(0.929rem, 0.929rem + ((1vw - 0.2rem) * 0.785), 1.4rem);line-height:1.2\">On me demande souvent comment j\u2019en suis arriv\u00e9 \u00e0 faire des films sur la <strong>th\u00e9matique du vieillissement.<\/strong><\/p>\n\n\n\n<p class=\"has-heading-font-family\" style=\"font-size:clamp(0.929rem, 0.929rem + ((1vw - 0.2rem) * 0.785), 1.4rem);line-height:1.2\">Suite \u00e0 la premi\u00e8re projection du film \u00ab&nbsp;On n\u2019est pas l\u00e0 pour marcher tout seul&nbsp;\u00bb (2017), le CCAS de la ville d\u2019Orl\u00e9ans me propose de travailler sur le th\u00e8me de l\u2019<strong>isolement des personnes \u00e2g\u00e9es en milieu urbain.<\/strong><\/p>\n<\/div><figure class=\"wp-block-media-text__media\"><img loading=\"lazy\" decoding=\"async\" width=\"1024\" height=\"576\" src=\"http:\/\/edouardcarrion.fr\/wp-content\/uploads\/2024\/07\/Pascal-Emilie-et-medecin-1024x576.jpg\" alt=\"\" class=\"wp-image-120 size-full\" srcset=\"https:\/\/edouardcarrion.fr\/wp-content\/uploads\/2024\/07\/Pascal-Emilie-et-medecin-1024x576.jpg 1024w, https:\/\/edouardcarrion.fr\/wp-content\/uploads\/2024\/07\/Pascal-Emilie-et-medecin-300x169.jpg 300w, https:\/\/edouardcarrion.fr\/wp-content\/uploads\/2024\/07\/Pascal-Emilie-et-medecin-768x432.jpg 768w, https:\/\/edouardcarrion.fr\/wp-content\/uploads\/2024\/07\/Pascal-Emilie-et-medecin-1536x864.jpg 1536w, https:\/\/edouardcarrion.fr\/wp-content\/uploads\/2024\/07\/Pascal-Emilie-et-medecin-2048x1152.jpg 2048w\" sizes=\"auto, (max-width: 1024px) 100vw, 1024px\" \/><\/figure><\/div>\n<\/div>\n\n\n\n<div class=\"wp-block-cover alignfull is-light has-parallax\" style=\"margin-top:0px;margin-bottom:0px;padding-top:var(--wp--preset--spacing--50);padding-right:var(--wp--preset--spacing--50);padding-bottom:var(--wp--preset--spacing--50);padding-left:var(--wp--preset--spacing--50);min-height:100vh;aspect-ratio:unset;\"><span aria-hidden=\"true\" class=\"wp-block-cover__background has-base-background-color has-background-dim-0 has-background-dim\"><\/span><div class=\"wp-block-cover__image-background wp-image-77 has-parallax\" style=\"background-position:50% 50%;background-image:url(http:\/\/edouardcarrion.fr\/wp-content\/uploads\/2024\/07\/Photo-de-fond-2-Un-jour-tu-vieilliras-scaled.jpg)\"><\/div><div class=\"wp-block-cover__inner-container has-global-padding is-layout-constrained wp-container-core-cover-is-layout-fbaf42d7 wp-block-cover-is-layout-constrained\">\n<div style=\"height:500px\" aria-hidden=\"true\" class=\"wp-block-spacer\"><\/div>\n<\/div><\/div>\n\n\n\n<div class=\"wp-block-group alignfull has-base-background-color has-background has-global-padding is-layout-constrained wp-container-core-group-is-layout-d89aad35 wp-block-group-is-layout-constrained\" style=\"margin-top:0;margin-bottom:0;padding-top:var(--wp--preset--spacing--50);padding-right:var(--wp--preset--spacing--50);padding-bottom:var(--wp--preset--spacing--50);padding-left:var(--wp--preset--spacing--50)\">\n<div class=\"wp-block-media-text alignwide is-stacked-on-mobile\" style=\"grid-template-columns:36% auto\"><figure class=\"wp-block-media-text__media\"><img loading=\"lazy\" decoding=\"async\" width=\"686\" height=\"1024\" src=\"http:\/\/edouardcarrion.fr\/wp-content\/uploads\/2024\/07\/Affiche-Un-jour-tu-vieilliras.-40x60-fond-perdu-3mm-HD_page-0001-1-Edouard-CARRION-686x1024.jpg\" alt=\"\" class=\"wp-image-25 size-full\" srcset=\"https:\/\/edouardcarrion.fr\/wp-content\/uploads\/2024\/07\/Affiche-Un-jour-tu-vieilliras.-40x60-fond-perdu-3mm-HD_page-0001-1-Edouard-CARRION-686x1024.jpg 686w, https:\/\/edouardcarrion.fr\/wp-content\/uploads\/2024\/07\/Affiche-Un-jour-tu-vieilliras.-40x60-fond-perdu-3mm-HD_page-0001-1-Edouard-CARRION-201x300.jpg 201w, https:\/\/edouardcarrion.fr\/wp-content\/uploads\/2024\/07\/Affiche-Un-jour-tu-vieilliras.-40x60-fond-perdu-3mm-HD_page-0001-1-Edouard-CARRION-768x1146.jpg 768w, https:\/\/edouardcarrion.fr\/wp-content\/uploads\/2024\/07\/Affiche-Un-jour-tu-vieilliras.-40x60-fond-perdu-3mm-HD_page-0001-1-Edouard-CARRION-1029x1536.jpg 1029w, https:\/\/edouardcarrion.fr\/wp-content\/uploads\/2024\/07\/Affiche-Un-jour-tu-vieilliras.-40x60-fond-perdu-3mm-HD_page-0001-1-Edouard-CARRION-1372x2048.jpg 1372w, https:\/\/edouardcarrion.fr\/wp-content\/uploads\/2024\/07\/Affiche-Un-jour-tu-vieilliras.-40x60-fond-perdu-3mm-HD_page-0001-1-Edouard-CARRION-scaled.jpg 1715w\" sizes=\"auto, (max-width: 686px) 100vw, 686px\" \/><\/figure><div class=\"wp-block-media-text__content\">\n<p class=\"has-heading-font-family\" style=\"font-size:clamp(0.984rem, 0.984rem + ((1vw - 0.2rem) * 0.86), 1.5rem);line-height:1.2\">Pendant plusieurs semaines, je rencontre des personnes \u00e2g\u00e9es isol\u00e9es et des professionnels qui les accompagnent&nbsp;: leurs conditions de vie et leurs t\u00e9moignages me font prendre conscience de <strong>la n\u00e9cessit\u00e9 d\u2019interpeler un large public sur cette r\u00e9alit\u00e9 sociale<\/strong>, afin d\u2019\u00eatre plus vigilants sur la vuln\u00e9rabilit\u00e9 de certains de nos a\u00een\u00e9s.&nbsp;<\/p>\n\n\n\n<div class=\"wp-block-columns is-layout-flex wp-container-core-columns-is-layout-87beb0d0 wp-block-columns-is-layout-flex\">\n<div class=\"wp-block-column is-layout-flow wp-block-column-is-layout-flow\">\n<p class=\"wp-container-content-9cfa9a5a\">J\u2019ai aussi d\u00e9couvert que beaucoup de nos a\u00een\u00e9s ont le sentiment de ne plus avoir leur place dans cette soci\u00e9t\u00e9 o\u00f9 tout va trop vite. Pour \u00e9viter le repli sur soi et l\u2019isolement, il est important de <strong>les valoriser, de mieux les \u00e9couter et de profiter de leur exp\u00e9rience de vie.<\/strong>&nbsp;<\/p>\n\n\n\n<p>Le film \u00ab&nbsp;Un jour, tu vieilliras\u2026&nbsp;\u00bb est tourn\u00e9 en octobre 20218 \u00e0 Orl\u00e9ans.&nbsp;<\/p>\n<\/div>\n\n\n\n<div class=\"wp-block-column is-layout-flow wp-block-column-is-layout-flow\">\n<p>D\u00e8s les premi\u00e8res projections-d\u00e9bat, le public accueille le film avec enthousiasme et \u00e9motion. Gr\u00e2ce au formidable talent des com\u00e9dien\u00b7ne\u00b7s amateurs, <strong>le travail de sensibilisation fonctionne.<\/strong> En juin 2024, le film a \u00e9t\u00e9 <strong>diffus\u00e9 par plus de 350 communes et institutions <\/strong>et permet aux professionnels d\u2019effectuer un travail de pr\u00e9vention.<\/p>\n<\/div>\n<\/div>\n<\/div><\/div>\n<\/div>\n\n\n\n<div class=\"wp-block-group alignfull has-base-2-color has-contrast-background-color has-text-color has-background has-link-color wp-elements-d82e221d0d587cf38ec160a0a369045d has-global-padding is-layout-constrained wp-container-core-group-is-layout-facafb6f wp-block-group-is-layout-constrained\" style=\"margin-top:0;margin-bottom:0;padding-top:var(--wp--preset--spacing--50);padding-right:var(--wp--preset--spacing--50);padding-bottom:var(--wp--preset--spacing--50);padding-left:var(--wp--preset--spacing--50)\">\n<figure class=\"wp-block-embed alignwide is-type-video is-provider-vimeo wp-block-embed-vimeo wp-embed-aspect-16-9 wp-has-aspect-ratio\"><div class=\"wp-block-embed__wrapper\">\n<iframe loading=\"lazy\" title=\"Bande Annonce - Un jour, tu vieilliras...\" src=\"https:\/\/player.vimeo.com\/video\/306350173?dnt=1&amp;app_id=122963\" width=\"500\" height=\"281\" frameborder=\"0\" allow=\"autoplay; fullscreen; picture-in-picture; clipboard-write\"><\/iframe>\n<\/div><\/figure>\n<\/div>\n\n\n\n<div class=\"wp-block-group has-global-padding is-layout-constrained wp-block-group-is-layout-constrained\" style=\"margin-top:0px;margin-bottom:0px;padding-top:var(--wp--preset--spacing--40);padding-bottom:var(--wp--preset--spacing--40)\">\n<h2 class=\"wp-block-heading has-text-align-center\"><strong>Synopsis<\/strong><\/h2>\n\n\n\n<p class=\"has-text-align-center has-heading-font-family\" style=\"font-size:clamp(0.875rem, 0.875rem + ((1vw - 0.2rem) * 0.708), 1.3rem);\">Suzanne, 81 ans, vit seule depuis le d\u00e9c\u00e8s de son mari. Sa petite-fille, qui habite loin, l\u2019incite \u00e0 prendre Internet pour qu\u2019elle ne soit pas isol\u00e9e. Mais l\u2019installation d\u2019Internet par le fils de Suzanne r\u00e9v\u00e8le des tensions sous-jacentes. Incomprise, Suzanne s\u2019isole et commence \u00e0 se replier sur elle-m\u00eame.<\/p>\n\n\n\n<p class=\"has-text-align-center has-heading-font-family\" style=\"font-size:clamp(0.875rem, 0.875rem + ((1vw - 0.2rem) * 0.708), 1.3rem);\">Parall\u00e8lement, Jean-Daniel, un cadre sup\u00e9rieur \u00e0 un an de la retraite, se voit proposer par sa hi\u00e9rarchie de faire un m\u00e9c\u00e9nat de comp\u00e9tences aupr\u00e8s d\u2019une association d\u2019aide aux personnes \u00e2g\u00e9es. Il d\u00e9barque avec maladresse dans cet univers envers lequel il a des pr\u00e9jug\u00e9s. Mais au contact d\u2019une auxiliaire de vie, il commence \u00e0 changer de regard.<\/p>\n\n\n\n<p class=\"has-text-align-center has-heading-font-family\" style=\"font-size:clamp(0.875rem, 0.875rem + ((1vw - 0.2rem) * 0.708), 1.3rem);\">Jean-Daniel et Suzanne ne se connaissent pas. Pourtant, le hasard va les r\u00e9unir et changer leur destin\u2026<\/p>\n<\/div>\n\n\n\n<div class=\"wp-block-cover alignfull is-light has-parallax\" style=\"margin-top:0px;margin-bottom:0px;padding-top:var(--wp--preset--spacing--50);padding-right:var(--wp--preset--spacing--50);padding-bottom:var(--wp--preset--spacing--50);padding-left:var(--wp--preset--spacing--50);min-height:100vh;aspect-ratio:unset;\"><span aria-hidden=\"true\" class=\"wp-block-cover__background has-base-background-color has-background-dim-0 has-background-dim\"><\/span><div class=\"wp-block-cover__image-background wp-image-143 has-parallax\" style=\"background-position:50% 50%;background-image:url(http:\/\/edouardcarrion.fr\/wp-content\/uploads\/2024\/07\/Suzanne-et-Emilie-profil-pont-scaled.jpg)\"><\/div><div class=\"wp-block-cover__inner-container has-global-padding is-layout-constrained wp-container-core-cover-is-layout-fbaf42d7 wp-block-cover-is-layout-constrained\">\n<div style=\"height:500px\" aria-hidden=\"true\" class=\"wp-block-spacer\"><\/div>\n<\/div><\/div>\n","protected":false},"excerpt":{"rendered":"<p>On me demande souvent comment j\u2019en suis arriv\u00e9 \u00e0 faire des films sur la th\u00e9matique du vieillissement. Suite \u00e0 la premi\u00e8re projection du film \u00ab&nbsp;On n\u2019est pas l\u00e0 pour marcher tout seul&nbsp;\u00bb (2017), le CCAS de la ville d\u2019Orl\u00e9ans me propose de travailler sur le th\u00e8me de l\u2019isolement des personnes \u00e2g\u00e9es en milieu urbain. Pendant [&hellip;]<\/p>\n","protected":false},"author":1,"featured_media":0,"parent":0,"menu_order":0,"comment_status":"closed","ping_status":"closed","template":"","meta":{"footnotes":""},"class_list":["post-46","page","type-page","status-publish","hentry"],"yoast_head":"<!-- This site is optimized with the Yoast SEO plugin v26.7 - https:\/\/yoast.com\/wordpress\/plugins\/seo\/ -->\n<title>Un jour, tu vieilliras... - Edouard Carrion<\/title>\n<meta name=\"robots\" content=\"index, follow, max-snippet:-1, max-image-preview:large, max-video-preview:-1\" \/>\n<link rel=\"canonical\" href=\"https:\/\/edouardcarrion.fr\/index.php\/un-jour-tu-vieilliras\/\" \/>\n<meta property=\"og:locale\" content=\"fr_FR\" \/>\n<meta property=\"og:type\" content=\"article\" \/>\n<meta property=\"og:title\" content=\"Un jour, tu vieilliras... - Edouard Carrion\" \/>\n<meta property=\"og:description\" content=\"On me demande souvent comment j\u2019en suis arriv\u00e9 \u00e0 faire des films sur la th\u00e9matique du vieillissement. Suite \u00e0 la premi\u00e8re projection du film \u00ab&nbsp;On n\u2019est pas l\u00e0 pour marcher tout seul&nbsp;\u00bb (2017), le CCAS de la ville d\u2019Orl\u00e9ans me propose de travailler sur le th\u00e8me de l\u2019isolement des personnes \u00e2g\u00e9es en milieu urbain. Pendant [&hellip;]\" \/>\n<meta property=\"og:url\" content=\"https:\/\/edouardcarrion.fr\/index.php\/un-jour-tu-vieilliras\/\" \/>\n<meta property=\"og:site_name\" content=\"Edouard Carrion\" \/>\n<meta property=\"article:modified_time\" content=\"2024-11-13T12:09:17+00:00\" \/>\n<meta property=\"og:image\" content=\"https:\/\/edouardcarrion.fr\/wp-content\/uploads\/2024\/07\/Pascal-Emilie-et-medecin-scaled.jpg\" \/>\n\t<meta property=\"og:image:width\" content=\"2560\" \/>\n\t<meta property=\"og:image:height\" content=\"1440\" \/>\n\t<meta property=\"og:image:type\" content=\"image\/jpeg\" \/>\n<meta name=\"twitter:card\" content=\"summary_large_image\" \/>\n<meta name=\"twitter:label1\" content=\"Dur\u00e9e de lecture estim\u00e9e\" \/>\n\t<meta name=\"twitter:data1\" content=\"2 minutes\" \/>\n<script type=\"application\/ld+json\" class=\"yoast-schema-graph\">{\"@context\":\"https:\/\/schema.org\",\"@graph\":[{\"@type\":\"WebPage\",\"@id\":\"https:\/\/edouardcarrion.fr\/index.php\/un-jour-tu-vieilliras\/\",\"url\":\"https:\/\/edouardcarrion.fr\/index.php\/un-jour-tu-vieilliras\/\",\"name\":\"Un jour, tu vieilliras... - Edouard Carrion\",\"isPartOf\":{\"@id\":\"https:\/\/edouardcarrion.fr\/#website\"},\"primaryImageOfPage\":{\"@id\":\"https:\/\/edouardcarrion.fr\/index.php\/un-jour-tu-vieilliras\/#primaryimage\"},\"image\":{\"@id\":\"https:\/\/edouardcarrion.fr\/index.php\/un-jour-tu-vieilliras\/#primaryimage\"},\"thumbnailUrl\":\"http:\/\/edouardcarrion.fr\/wp-content\/uploads\/2024\/07\/Pascal-Emilie-et-medecin-1024x576.jpg\",\"datePublished\":\"2024-07-07T07:57:18+00:00\",\"dateModified\":\"2024-11-13T12:09:17+00:00\",\"breadcrumb\":{\"@id\":\"https:\/\/edouardcarrion.fr\/index.php\/un-jour-tu-vieilliras\/#breadcrumb\"},\"inLanguage\":\"fr-FR\",\"potentialAction\":[{\"@type\":\"ReadAction\",\"target\":[\"https:\/\/edouardcarrion.fr\/index.php\/un-jour-tu-vieilliras\/\"]}]},{\"@type\":\"ImageObject\",\"inLanguage\":\"fr-FR\",\"@id\":\"https:\/\/edouardcarrion.fr\/index.php\/un-jour-tu-vieilliras\/#primaryimage\",\"url\":\"https:\/\/edouardcarrion.fr\/wp-content\/uploads\/2024\/07\/Pascal-Emilie-et-medecin-scaled.jpg\",\"contentUrl\":\"https:\/\/edouardcarrion.fr\/wp-content\/uploads\/2024\/07\/Pascal-Emilie-et-medecin-scaled.jpg\",\"width\":2560,\"height\":1440},{\"@type\":\"BreadcrumbList\",\"@id\":\"https:\/\/edouardcarrion.fr\/index.php\/un-jour-tu-vieilliras\/#breadcrumb\",\"itemListElement\":[{\"@type\":\"ListItem\",\"position\":1,\"name\":\"Accueil\",\"item\":\"https:\/\/edouardcarrion.fr\/\"},{\"@type\":\"ListItem\",\"position\":2,\"name\":\"Un jour, tu vieilliras&#8230;\"}]},{\"@type\":\"WebSite\",\"@id\":\"https:\/\/edouardcarrion.fr\/#website\",\"url\":\"https:\/\/edouardcarrion.fr\/\",\"name\":\"Edouard Carrion\",\"description\":\"Sc\u00e9nariste R\u00e9alisateur\",\"publisher\":{\"@id\":\"https:\/\/edouardcarrion.fr\/#\/schema\/person\/04ed4b72fc84379a4e86ff6f564c0ead\"},\"potentialAction\":[{\"@type\":\"SearchAction\",\"target\":{\"@type\":\"EntryPoint\",\"urlTemplate\":\"https:\/\/edouardcarrion.fr\/?s={search_term_string}\"},\"query-input\":{\"@type\":\"PropertyValueSpecification\",\"valueRequired\":true,\"valueName\":\"search_term_string\"}}],\"inLanguage\":\"fr-FR\"},{\"@type\":[\"Person\",\"Organization\"],\"@id\":\"https:\/\/edouardcarrion.fr\/#\/schema\/person\/04ed4b72fc84379a4e86ff6f564c0ead\",\"name\":\"admin7507\",\"image\":{\"@type\":\"ImageObject\",\"inLanguage\":\"fr-FR\",\"@id\":\"https:\/\/edouardcarrion.fr\/#\/schema\/person\/image\/\",\"url\":\"https:\/\/edouardcarrion.fr\/wp-content\/uploads\/2024\/07\/Photo-Edouard-edited.jpg\",\"contentUrl\":\"https:\/\/edouardcarrion.fr\/wp-content\/uploads\/2024\/07\/Photo-Edouard-edited.jpg\",\"width\":1549,\"height\":1549,\"caption\":\"admin7507\"},\"logo\":{\"@id\":\"https:\/\/edouardcarrion.fr\/#\/schema\/person\/image\/\"},\"sameAs\":[\"http:\/\/edouardcarrion.fr\"]}]}<\/script>\n<!-- \/ Yoast SEO plugin. -->","yoast_head_json":{"title":"Un jour, tu vieilliras... - Edouard Carrion","robots":{"index":"index","follow":"follow","max-snippet":"max-snippet:-1","max-image-preview":"max-image-preview:large","max-video-preview":"max-video-preview:-1"},"canonical":"https:\/\/edouardcarrion.fr\/index.php\/un-jour-tu-vieilliras\/","og_locale":"fr_FR","og_type":"article","og_title":"Un jour, tu vieilliras... - Edouard Carrion","og_description":"On me demande souvent comment j\u2019en suis arriv\u00e9 \u00e0 faire des films sur la th\u00e9matique du vieillissement. Suite \u00e0 la premi\u00e8re projection du film \u00ab&nbsp;On n\u2019est pas l\u00e0 pour marcher tout seul&nbsp;\u00bb (2017), le CCAS de la ville d\u2019Orl\u00e9ans me propose de travailler sur le th\u00e8me de l\u2019isolement des personnes \u00e2g\u00e9es en milieu urbain. Pendant [&hellip;]","og_url":"https:\/\/edouardcarrion.fr\/index.php\/un-jour-tu-vieilliras\/","og_site_name":"Edouard Carrion","article_modified_time":"2024-11-13T12:09:17+00:00","og_image":[{"width":2560,"height":1440,"url":"https:\/\/edouardcarrion.fr\/wp-content\/uploads\/2024\/07\/Pascal-Emilie-et-medecin-scaled.jpg","type":"image\/jpeg"}],"twitter_card":"summary_large_image","twitter_misc":{"Dur\u00e9e de lecture estim\u00e9e":"2 minutes"},"schema":{"@context":"https:\/\/schema.org","@graph":[{"@type":"WebPage","@id":"https:\/\/edouardcarrion.fr\/index.php\/un-jour-tu-vieilliras\/","url":"https:\/\/edouardcarrion.fr\/index.php\/un-jour-tu-vieilliras\/","name":"Un jour, tu vieilliras... - Edouard Carrion","isPartOf":{"@id":"https:\/\/edouardcarrion.fr\/#website"},"primaryImageOfPage":{"@id":"https:\/\/edouardcarrion.fr\/index.php\/un-jour-tu-vieilliras\/#primaryimage"},"image":{"@id":"https:\/\/edouardcarrion.fr\/index.php\/un-jour-tu-vieilliras\/#primaryimage"},"thumbnailUrl":"http:\/\/edouardcarrion.fr\/wp-content\/uploads\/2024\/07\/Pascal-Emilie-et-medecin-1024x576.jpg","datePublished":"2024-07-07T07:57:18+00:00","dateModified":"2024-11-13T12:09:17+00:00","breadcrumb":{"@id":"https:\/\/edouardcarrion.fr\/index.php\/un-jour-tu-vieilliras\/#breadcrumb"},"inLanguage":"fr-FR","potentialAction":[{"@type":"ReadAction","target":["https:\/\/edouardcarrion.fr\/index.php\/un-jour-tu-vieilliras\/"]}]},{"@type":"ImageObject","inLanguage":"fr-FR","@id":"https:\/\/edouardcarrion.fr\/index.php\/un-jour-tu-vieilliras\/#primaryimage","url":"https:\/\/edouardcarrion.fr\/wp-content\/uploads\/2024\/07\/Pascal-Emilie-et-medecin-scaled.jpg","contentUrl":"https:\/\/edouardcarrion.fr\/wp-content\/uploads\/2024\/07\/Pascal-Emilie-et-medecin-scaled.jpg","width":2560,"height":1440},{"@type":"BreadcrumbList","@id":"https:\/\/edouardcarrion.fr\/index.php\/un-jour-tu-vieilliras\/#breadcrumb","itemListElement":[{"@type":"ListItem","position":1,"name":"Accueil","item":"https:\/\/edouardcarrion.fr\/"},{"@type":"ListItem","position":2,"name":"Un jour, tu vieilliras&#8230;"}]},{"@type":"WebSite","@id":"https:\/\/edouardcarrion.fr\/#website","url":"https:\/\/edouardcarrion.fr\/","name":"Edouard Carrion","description":"Sc\u00e9nariste R\u00e9alisateur","publisher":{"@id":"https:\/\/edouardcarrion.fr\/#\/schema\/person\/04ed4b72fc84379a4e86ff6f564c0ead"},"potentialAction":[{"@type":"SearchAction","target":{"@type":"EntryPoint","urlTemplate":"https:\/\/edouardcarrion.fr\/?s={search_term_string}"},"query-input":{"@type":"PropertyValueSpecification","valueRequired":true,"valueName":"search_term_string"}}],"inLanguage":"fr-FR"},{"@type":["Person","Organization"],"@id":"https:\/\/edouardcarrion.fr\/#\/schema\/person\/04ed4b72fc84379a4e86ff6f564c0ead","name":"admin7507","image":{"@type":"ImageObject","inLanguage":"fr-FR","@id":"https:\/\/edouardcarrion.fr\/#\/schema\/person\/image\/","url":"https:\/\/edouardcarrion.fr\/wp-content\/uploads\/2024\/07\/Photo-Edouard-edited.jpg","contentUrl":"https:\/\/edouardcarrion.fr\/wp-content\/uploads\/2024\/07\/Photo-Edouard-edited.jpg","width":1549,"height":1549,"caption":"admin7507"},"logo":{"@id":"https:\/\/edouardcarrion.fr\/#\/schema\/person\/image\/"},"sameAs":["http:\/\/edouardcarrion.fr"]}]}},"_links":{"self":[{"href":"https:\/\/edouardcarrion.fr\/index.php\/wp-json\/wp\/v2\/pages\/46","targetHints":{"allow":["GET"]}}],"collection":[{"href":"https:\/\/edouardcarrion.fr\/index.php\/wp-json\/wp\/v2\/pages"}],"about":[{"href":"https:\/\/edouardcarrion.fr\/index.php\/wp-json\/wp\/v2\/types\/page"}],"author":[{"embeddable":true,"href":"https:\/\/edouardcarrion.fr\/index.php\/wp-json\/wp\/v2\/users\/1"}],"replies":[{"embeddable":true,"href":"https:\/\/edouardcarrion.fr\/index.php\/wp-json\/wp\/v2\/comments?post=46"}],"version-history":[{"count":15,"href":"https:\/\/edouardcarrion.fr\/index.php\/wp-json\/wp\/v2\/pages\/46\/revisions"}],"predecessor-version":[{"id":180,"href":"https:\/\/edouardcarrion.fr\/index.php\/wp-json\/wp\/v2\/pages\/46\/revisions\/180"}],"wp:attachment":[{"href":"https:\/\/edouardcarrion.fr\/index.php\/wp-json\/wp\/v2\/media?parent=46"}],"curies":[{"name":"wp","href":"https:\/\/api.w.org\/{rel}","templated":true}]}}